{"id":957,"date":"2019-02-05T13:00:22","date_gmt":"2019-02-05T13:00:22","guid":{"rendered":"https:\/\/osic.co\/?page_id=957"},"modified":"2019-02-07T07:46:44","modified_gmt":"2019-02-07T07:46:44","slug":"edukacija","status":"publish","type":"page","link":"https:\/\/osic.co\/s\/hr\/usluge-3\/edukacija\/","title":{"rendered":"Edukacija"},"content":{"rendered":"\n<p>\n\n\n\n\n\n\n\n\n\n\n\n\n\n\n\nPru\u017eamo sve vrste edukacije za va\u0161e djelatnike ili\nklijente i podru\u010dja na\u0161eg djelovanja. Pru\u017eamo i on-line usluge.\n\n\n\n<\/p>\n","protected":false},"excerpt":{"rendered":"<p>Pru\u017eamo sve vrste edukacije za va\u0161e djelatnike ili klijente i podru\u010dja na\u0161eg djelovanja. Pru\u017eamo i on-line usluge.<\/p>\n","protected":false},"author":1,"featured_media":0,"parent":951,"menu_order":0,"comment_status":"closed","ping_status":"closed","template":"","meta":[],"_links":{"self":[{"href":"https:\/\/osic.co\/s\/wp-json\/wp\/v2\/pages\/957"}],"collection":[{"href":"https:\/\/osic.co\/s\/wp-json\/wp\/v2\/pages"}],"about":[{"href":"https:\/\/osic.co\/s\/wp-json\/wp\/v2\/types\/page"}],"author":[{"embeddable":true,"href":"https:\/\/osic.co\/s\/wp-json\/wp\/v2\/users\/1"}],"replies":[{"embeddable":true,"href":"https:\/\/osic.co\/s\/wp-json\/wp\/v2\/comments?post=957"}],"version-history":[{"count":1,"href":"https:\/\/osic.co\/s\/wp-json\/wp\/v2\/pages\/957\/revisions"}],"predecessor-version":[{"id":958,"href":"https:\/\/osic.co\/s\/wp-json\/wp\/v2\/pages\/957\/revisions\/958"}],"up":[{"embeddable":true,"href":"https:\/\/osic.co\/s\/wp-json\/wp\/v2\/pages\/951"}],"wp:attachment":[{"href":"https:\/\/osic.co\/s\/wp-json\/wp\/v2\/media?parent=957"}],"curies":[{"name":"wp","href":"https:\/\/api.w.org\/{rel}","templated":true}]}}