{"id":949,"date":"2019-02-05T12:56:18","date_gmt":"2019-02-05T12:56:18","guid":{"rendered":"https:\/\/osic.co\/?page_id=949"},"modified":"2019-02-07T07:41:14","modified_gmt":"2019-02-07T07:41:14","slug":"resursi-3","status":"publish","type":"page","link":"https:\/\/osic.co\/s\/hr\/resursi-3\/","title":{"rendered":"RESURSI"},"content":{"rendered":"\n<p>OSIC-ov\ntim stru\u010dnjaka izra\u0111uje, provodi i mjeri u\u010dinke strategija iz podru\u010dja\nposlovanja svojih klijenata. Na\u0161 tim se neprestano prilago\u0111ava stalnim\npromjenama u poslovnom, politi\u010dkom, sigurnosnom i medijskom prostoru, usvaja i\nprimjenjuje posljednje svjetske trendove. Mi znamo kako funkcionira dono\u0161enje\nposlovnih i politi\u010dkih odluka, znamo tko ih donosi, ali i za\u0161to su bile\nuspje\u0161ne ili neuspje\u0161ne. Na\u0161 tim \u010dine znanstvenici, sveu\u010dili\u0161ni profesori,\n\u010delnici korporacija u multinacionalnim kompanijama, biv\u0161i i aktualni diplomati,\nodvjetnici, menad\u017eeri sugurnosti, financijski stru\u010dnjaci, IT stru\u010dnjaci,\nurednici medijskog prostora kao i stru\u010dnjaci za odnose s javno\u0161\u0107u.<\/p>\n\n\n\n<p>Na\u0161 tim\n\u010dine stru\u010dnjaci iz sljede\u0107ih podru\u010dja:<\/p>\n\n\n\n<ul><li>Me\u0111unarodno poslovanje<\/li><li>Politi\u010dki consulting<\/li><li>Diplomacija i me\u0111unarodni odnosi<\/li><li>Menad\u017ement sigurnosti<\/li><li>Energetika<\/li><li>Odnosi s javno\u0161\u0107u i mediji<\/li><li>Promet<\/li><li>Ekologija<\/li><li>Financijske usluge<\/li><li>Tehnologija i telekomunikacije  <\/li><\/ul>\n\n\n\n<p><\/p>\n","protected":false},"excerpt":{"rendered":"<p>OSIC-ov tim stru\u010dnjaka izra\u0111uje, provodi i mjeri u\u010dinke strategija iz podru\u010dja poslovanja svojih klijenata. Na\u0161 tim se neprestano prilago\u0111ava stalnim promjenama u poslovnom, politi\u010dkom, sigurnosnom i medijskom prostoru, usvaja i primjenjuje posljednje svjetske trendove. Mi znamo kako funkcionira dono\u0161enje poslovnih i politi\u010dkih odluka, znamo tko ih donosi, ali i za\u0161to su bile uspje\u0161ne ili neuspje\u0161ne. [&hellip;]<\/p>\n","protected":false},"author":1,"featured_media":0,"parent":0,"menu_order":0,"comment_status":"closed","ping_status":"closed","template":"","meta":[],"_links":{"self":[{"href":"https:\/\/osic.co\/s\/wp-json\/wp\/v2\/pages\/949"}],"collection":[{"href":"https:\/\/osic.co\/s\/wp-json\/wp\/v2\/pages"}],"about":[{"href":"https:\/\/osic.co\/s\/wp-json\/wp\/v2\/types\/page"}],"author":[{"embeddable":true,"href":"https:\/\/osic.co\/s\/wp-json\/wp\/v2\/users\/1"}],"replies":[{"embeddable":true,"href":"https:\/\/osic.co\/s\/wp-json\/wp\/v2\/comments?post=949"}],"version-history":[{"count":1,"href":"https:\/\/osic.co\/s\/wp-json\/wp\/v2\/pages\/949\/revisions"}],"predecessor-version":[{"id":950,"href":"https:\/\/osic.co\/s\/wp-json\/wp\/v2\/pages\/949\/revisions\/950"}],"wp:attachment":[{"href":"https:\/\/osic.co\/s\/wp-json\/wp\/v2\/media?parent=949"}],"curies":[{"name":"wp","href":"https:\/\/api.w.org\/{rel}","templated":true}]}}