{"id":947,"date":"2019-02-05T12:55:12","date_gmt":"2019-02-05T12:55:12","guid":{"rendered":"https:\/\/osic.co\/?page_id=947"},"modified":"2019-02-07T07:39:32","modified_gmt":"2019-02-07T07:39:32","slug":"pocetna-3","status":"publish","type":"page","link":"https:\/\/osic.co\/s\/hr\/pocetna-3\/","title":{"rendered":"PO\u010cETNA"},"content":{"rendered":"\n<div class=\"alignnormal\"><div id=\"metaslider-id-988\" style=\"width: 100%;\" class=\"ml-slider-3-109-0 metaslider metaslider-flex metaslider-988 ml-slider has-dots-nav ms-theme-default\" role=\"region\" aria-label=\"Hrvatski slideshow\" data-height=\"300\" data-width=\"700\">\n    <div id=\"metaslider_container_988\">\n        <div id=\"metaslider_988\">\n            <ul class='slides'>\n                <li style=\"display: block; width: 100%;\" class=\"slide-998 ms-image \" aria-roledescription=\"slide\" data-date=\"2019-02-05 13:12:26\" data-filename=\"bezbednosni-menad\u017ement-4-700x300.jpg\" data-slide-type=\"image\"><a href=\"https:\/\/osic.co\/s\/hr\/usluge-3\/menadzment-sigurnosti\/\" target=\"_blank\" aria-label=\"View Slide Details\" class=\"metaslider_image_link\"><img src=\"https:\/\/osic.co\/s\/wp-content\/uploads\/2019\/02\/bezbednosni-menad\u017ement-4-700x300.jpg\" height=\"300\" width=\"700\" alt=\"\" class=\"slider-988 slide-998 msDefaultImage\" title=\"bezbednosni menad\u017ement\" \/><\/a><div class=\"caption-wrap\"><div class=\"caption\">MENAD\u017dMENT SIGURNOSTI<\/div><\/div><\/li>\n                <li style=\"display: none; width: 100%;\" class=\"slide-999 ms-image \" aria-roledescription=\"slide\" data-date=\"2019-02-05 13:12:26\" data-filename=\"doma\u0107a-i-me\u0111unarodna-politika-i-upravljanje-4-618x264.jpg\" data-slide-type=\"image\"><a href=\"https:\/\/osic.co\/s\/hr\/usluge-3\/domaca-i-inozemna-politika-i-upravljanje\/\" target=\"_blank\" aria-label=\"View Slide Details\" class=\"metaslider_image_link\"><img src=\"https:\/\/osic.co\/s\/wp-content\/uploads\/2019\/02\/doma\u0107a-i-me\u0111unarodna-politika-i-upravljanje-4-618x264.jpg\" height=\"300\" width=\"700\" alt=\"\" class=\"slider-988 slide-999 msDefaultImage\" title=\"Group of Business People with Jigsaw Puzzle Forming in World Map\" \/><\/a><div class=\"caption-wrap\"><div class=\"caption\">DOMA\u0106A I INOZEMNA POLITIKA I UPRAVLJANJE<\/div><\/div><\/li>\n                <li style=\"display: none; width: 100%;\" class=\"slide-1000 ms-image \" aria-roledescription=\"slide\" data-date=\"2019-02-05 13:12:27\" data-filename=\"edukacija-4-700x300.jpg\" data-slide-type=\"image\"><a href=\"https:\/\/osic.co\/s\/hr\/usluge-3\/edukacija\/\" target=\"_blank\" aria-label=\"View Slide Details\" class=\"metaslider_image_link\"><img src=\"https:\/\/osic.co\/s\/wp-content\/uploads\/2019\/02\/edukacija-4-700x300.jpg\" height=\"300\" width=\"700\" alt=\"\" class=\"slider-988 slide-1000 msDefaultImage\" title=\"edukacija\" \/><\/a><div class=\"caption-wrap\"><div class=\"caption\">EDUKACIJA<\/div><\/div><\/li>\n                <li style=\"display: none; width: 100%;\" class=\"slide-1001 ms-image \" aria-roledescription=\"slide\" data-date=\"2019-02-05 13:12:27\" data-filename=\"istra\u017eivanje-i-analiza-4-576x247.jpg\" data-slide-type=\"image\"><a href=\"https:\/\/osic.co\/s\/hr\/usluge-3\/istrazivanje-i-analiza\/\" target=\"_blank\" aria-label=\"View Slide Details\" class=\"metaslider_image_link\"><img src=\"https:\/\/osic.co\/s\/wp-content\/uploads\/2019\/02\/istra\u017eivanje-i-analiza-4-576x247.jpg\" height=\"300\" width=\"700\" alt=\"\" class=\"slider-988 slide-1001 msDefaultImage\" title=\"istra\u017eivanje i analiza\" \/><\/a><div class=\"caption-wrap\"><div class=\"caption\">ISTRA\u017dIVANJE I ANALIZA<\/div><\/div><\/li>\n                <li style=\"display: none; width: 100%;\" class=\"slide-1002 ms-image \" aria-roledescription=\"slide\" data-date=\"2019-02-05 13:12:27\" data-filename=\"komunikacije-i-PR-4-640x274.png\" data-slide-type=\"image\"><a href=\"https:\/\/osic.co\/s\/hr\/usluge-3\/komunikacije-i-govornistvo-pr\/\" target=\"_blank\" aria-label=\"View Slide Details\" class=\"metaslider_image_link\"><img src=\"https:\/\/osic.co\/s\/wp-content\/uploads\/2019\/02\/komunikacije-i-PR-4-640x274.png\" height=\"300\" width=\"700\" alt=\"\" class=\"slider-988 slide-1002 msDefaultImage\" title=\"komunikacije i PR\" \/><\/a><div class=\"caption-wrap\"><div class=\"caption\">KOMUNIKACIJE I GOVORNI\u0160TVO (PR)<\/div><\/div><\/li>\n                <li style=\"display: none; width: 100%;\" class=\"slide-1003 ms-image \" aria-roledescription=\"slide\" data-date=\"2019-02-05 13:12:27\" data-filename=\"kreiranje-i-sprovo\u0111enje-poslovnih-i-politi\u010dkih-kampanja-4-700x300.jpg\" data-slide-type=\"image\"><a href=\"https:\/\/osic.co\/s\/hr\/usluge-3\/kreiranje-i-provodenje-poslovnih-i-politickih-kampanja\/\" target=\"_blank\" aria-label=\"View Slide Details\" class=\"metaslider_image_link\"><img src=\"https:\/\/osic.co\/s\/wp-content\/uploads\/2019\/02\/kreiranje-i-sprovo\u0111enje-poslovnih-i-politi\u010dkih-kampanja-4-700x300.jpg\" height=\"300\" width=\"700\" alt=\"\" class=\"slider-988 slide-1003 msDefaultImage\" title=\"kreiranje i sprovo\u0111enje poslovnih i politi\u010dkih kampanja\" \/><\/a><div class=\"caption-wrap\"><div class=\"caption\">KREIRANJE I PROVO\u0110ENJE POSLOVNIH I POLITI\u010cKIH KAMPANJA<\/div><\/div><\/li>\n                <li style=\"display: none; width: 100%;\" class=\"slide-1004 ms-image \" aria-roledescription=\"slide\" data-date=\"2019-02-05 13:12:27\" data-filename=\"me\u0111unarodno-poslovanje-4-700x300.jpg\" data-slide-type=\"image\"><a href=\"https:\/\/osic.co\/s\/hr\/usluge-3\/medunarodno-poslovanje\/\" target=\"_blank\" aria-label=\"View Slide Details\" class=\"metaslider_image_link\"><img src=\"https:\/\/osic.co\/s\/wp-content\/uploads\/2019\/02\/me\u0111unarodno-poslovanje-4-700x300.jpg\" height=\"300\" width=\"700\" alt=\"\" class=\"slider-988 slide-1004 msDefaultImage\" title=\"me\u0111unarodno poslovanje\" \/><\/a><div class=\"caption-wrap\"><div class=\"caption\">ME\u0110UNARODNO POSLOVANJE<\/div><\/div><\/li>\n                <li style=\"display: none; width: 100%;\" class=\"slide-1005 ms-image \" aria-roledescription=\"slide\" data-date=\"2019-02-05 13:12:27\" data-filename=\"procena-i-upravljanje-rizicima-4-700x300.jpg\" data-slide-type=\"image\"><a href=\"https:\/\/osic.co\/s\/hr\/usluge-3\/procjena-i-upravljanje-rizicima\/\" target=\"_blank\" aria-label=\"View Slide Details\" class=\"metaslider_image_link\"><img src=\"https:\/\/osic.co\/s\/wp-content\/uploads\/2019\/02\/procena-i-upravljanje-rizicima-4-700x300.jpg\" height=\"300\" width=\"700\" alt=\"\" class=\"slider-988 slide-1005 msDefaultImage\" title=\"procena i upravljanje rizicima\" \/><\/a><div class=\"caption-wrap\"><div class=\"caption\">PROCJENA I UPRAVLJANJE RIZICIMA<\/div><\/div><\/li>\n                <li style=\"display: none; width: 100%;\" class=\"slide-1006 ms-image \" aria-roledescription=\"slide\" data-date=\"2019-02-05 13:12:27\" data-filename=\"upravljanje-krizama-4-700x300.png\" data-slide-type=\"image\"><a href=\"https:\/\/osic.co\/s\/hr\/usluge-3\/upravljanje-krizama\/\" target=\"_blank\" aria-label=\"View Slide Details\" class=\"metaslider_image_link\"><img src=\"https:\/\/osic.co\/s\/wp-content\/uploads\/2019\/02\/upravljanje-krizama-4-700x300.png\" height=\"300\" width=\"700\" alt=\"\" class=\"slider-988 slide-1006 msDefaultImage\" title=\"upravljanje krizama\" \/><\/a><div class=\"caption-wrap\"><div class=\"caption\">UPRAVLJANJE KRIZAMA<\/div><\/div><\/li>\n            <\/ul>\n        <\/div>\n        \n    <\/div>\n<\/div><\/div>\n\n\n\n<p>Dobro do\u0161li!<\/p>\n\n\n\n<p>Mi smo tvrtka koja \u0107e\nVa\u0161em poslu pru\u017eiti cjelovitu potporu u kreiranju ciljeva kao i pronalasku\nnaju\u010dinkovitijih na\u010dina kako bi ti ciljevi bili ostvareni. Na taj put idemo\nskupa. Bit \u0107ete u dru\u0161tvu iskusnih i me\u0111unarodno certificiranih stru\u010dnjaka iz\nbrojnih podru\u010dja. U OSIC-u oni su tim, \u010diji je cilj odgovoriti Va\u0161im potrebama\ni ponuditi naju\u010dinkovitija rje\u0161anja, kako bi interesi Va\u0161e tvrtke bili potpuno\nzadovoljeni.<\/p>\n\n\n\n<p>Nudimo znanje,\nvi\u0161egodi\u0161nje iskustvo u kreiranju strategija, njihovoj primjeni te vrednovanju\npostignutog. Posjedujemo i me\u0111unarodnu mre\u017eu kontakata s vladinim istitucijama,\nstru\u010dnim timovima, medijima, tvrtkama i poslovnim subjektima te utjecajnim\npojedincima.<\/p>\n\n\n\n<p>S OSIC-om dobivate punu uslugu za uspje\u0161no vo\u0111enje kroz labirinte doma\u0107eg ali i me\u0111unarodnog poslovanja, politike, doma\u0107e i inozemne javnosti. U slu\u010daju krize na na\u0161em putu, OSIC i tada ima rje\u0161enje kako bi Va\u0161 ugled ostao za\u0161ti\u0107en. Na\u0161 alat je znanje temeljeno na podatcima i analizama, iskustvo u upravljanju procesima i sposobnost pronalaska naju\u010dinkovitijih rje\u0161enja. Postizanje Va\u0161eg zadanog cilja na\u0161 je najva\u017eniji zadatak. <\/p>\n\n\n\n<p>Krenimo! <\/p>\n","protected":false},"excerpt":{"rendered":"<p>Dobro do\u0161li! Mi smo tvrtka koja \u0107e Va\u0161em poslu pru\u017eiti cjelovitu potporu u kreiranju ciljeva kao i pronalasku naju\u010dinkovitijih na\u010dina kako bi ti ciljevi bili ostvareni. Na taj put idemo skupa. Bit \u0107ete u dru\u0161tvu iskusnih i me\u0111unarodno certificiranih stru\u010dnjaka iz brojnih podru\u010dja. U OSIC-u oni su tim, \u010diji je cilj odgovoriti Va\u0161im potrebama i [&hellip;]<\/p>\n","protected":false},"author":1,"featured_media":0,"parent":0,"menu_order":0,"comment_status":"closed","ping_status":"closed","template":"","meta":[],"_links":{"self":[{"href":"https:\/\/osic.co\/s\/wp-json\/wp\/v2\/pages\/947"}],"collection":[{"href":"https:\/\/osic.co\/s\/wp-json\/wp\/v2\/pages"}],"about":[{"href":"https:\/\/osic.co\/s\/wp-json\/wp\/v2\/types\/page"}],"author":[{"embeddable":true,"href":"https:\/\/osic.co\/s\/wp-json\/wp\/v2\/users\/1"}],"replies":[{"embeddable":true,"href":"https:\/\/osic.co\/s\/wp-json\/wp\/v2\/comments?post=947"}],"version-history":[{"count":2,"href":"https:\/\/osic.co\/s\/wp-json\/wp\/v2\/pages\/947\/revisions"}],"predecessor-version":[{"id":1007,"href":"https:\/\/osic.co\/s\/wp-json\/wp\/v2\/pages\/947\/revisions\/1007"}],"wp:attachment":[{"href":"https:\/\/osic.co\/s\/wp-json\/wp\/v2\/media?parent=947"}],"curies":[{"name":"wp","href":"https:\/\/api.w.org\/{rel}","templated":true}]}}