{"id":612,"date":"2019-02-04T10:01:33","date_gmt":"2019-02-04T10:01:33","guid":{"rendered":"https:\/\/osic.co\/?page_id=612"},"modified":"2019-02-07T07:41:10","modified_gmt":"2019-02-07T07:41:10","slug":"resursi","status":"publish","type":"page","link":"https:\/\/osic.co\/s\/sr\/resursi\/","title":{"rendered":"RESURSI"},"content":{"rendered":"\n<p>OSIC-ov tim eksperata izra\u0111uje, sprovodi i meri u\u010dinke strategija iz oblasti poslovanja svojih klijenata. Na\u0161 tim se neprestano adaptira na stalne promene poslovnog, politi\u010dkog, bezbednosnog i medijskog ambijenta, usvaja i primenjuje najnovija svetska dostignu\u0107a. Mi znamo kako funkcioni\u0161e dono\u0161enje poslovnih i politi\u010dkih odluka, znamo ko ih donosi, a znamo i to zbog \u010dega su one bile uspe\u0161ne ili neuspe\u0161ne. Na\u0161 tim \u010dine istra\u017eiva\u010di, univerzitetski profesori, korporativni rukovodioci u multinacionalnim kompanijama, biv\u0161e i aktuelne diplomate, advokati, menad\u017eeri bezbednosti, finansijski eksperti, IT stru\u010dnjaci, urednici medija i stru\u010dnjaci za odnose sa javno\u0161\u0107u. <\/p>\n\n\n\n<p>Na\u0161 tim \u010dine eksperti iz slede\u0107ih oblasti:<\/p>\n\n\n\n<ul><li>Me\u0111unarodno poslovanje<\/li><\/ul>\n\n\n\n<ul><li>Politi\u010dki konsalting<\/li><\/ul>\n\n\n\n<ul><li>Diplomatija i me\u0111unarodni odnosi<\/li><\/ul>\n\n\n\n<ul><li>Bezbednosni menad\u017ement<\/li><\/ul>\n\n\n\n<ul><li>Energetika <\/li><\/ul>\n\n\n\n<ul><li>Odnosi sa javno\u0161\u0107u i mediji<\/li><\/ul>\n\n\n\n<ul><li>Saobra\u0107aj<\/li><\/ul>\n\n\n\n<ul><li>Ekologija<\/li><\/ul>\n\n\n\n<ul><li>Finansijske usluge<\/li><\/ul>\n\n\n\n<ul><li>Tehnologija i telekomunikacije<\/li><\/ul>\n\n\n\n<p><\/p>\n","protected":false},"excerpt":{"rendered":"<p>OSIC-ov tim eksperata izra\u0111uje, sprovodi i meri u\u010dinke strategija iz oblasti poslovanja svojih klijenata. Na\u0161 tim se neprestano adaptira na stalne promene poslovnog, politi\u010dkog, bezbednosnog i medijskog ambijenta, usvaja i primenjuje najnovija svetska dostignu\u0107a. Mi znamo kako funkcioni\u0161e dono\u0161enje poslovnih i politi\u010dkih odluka, znamo ko ih donosi, a znamo i to zbog \u010dega su one [&hellip;]<\/p>\n","protected":false},"author":1,"featured_media":0,"parent":0,"menu_order":0,"comment_status":"closed","ping_status":"closed","template":"","meta":[],"_links":{"self":[{"href":"https:\/\/osic.co\/s\/wp-json\/wp\/v2\/pages\/612"}],"collection":[{"href":"https:\/\/osic.co\/s\/wp-json\/wp\/v2\/pages"}],"about":[{"href":"https:\/\/osic.co\/s\/wp-json\/wp\/v2\/types\/page"}],"author":[{"embeddable":true,"href":"https:\/\/osic.co\/s\/wp-json\/wp\/v2\/users\/1"}],"replies":[{"embeddable":true,"href":"https:\/\/osic.co\/s\/wp-json\/wp\/v2\/comments?post=612"}],"version-history":[{"count":4,"href":"https:\/\/osic.co\/s\/wp-json\/wp\/v2\/pages\/612\/revisions"}],"predecessor-version":[{"id":684,"href":"https:\/\/osic.co\/s\/wp-json\/wp\/v2\/pages\/612\/revisions\/684"}],"wp:attachment":[{"href":"https:\/\/osic.co\/s\/wp-json\/wp\/v2\/media?parent=612"}],"curies":[{"name":"wp","href":"https:\/\/api.w.org\/{rel}","templated":true}]}}