{"id":1113,"date":"2019-02-06T10:04:15","date_gmt":"2019-02-06T10:04:15","guid":{"rendered":"https:\/\/osic.co\/?page_id=1113"},"modified":"2019-02-07T07:49:50","modified_gmt":"2019-02-07T07:49:50","slug":"risk-degerlendirmesi-ve-yonetimi","status":"publish","type":"page","link":"https:\/\/osic.co\/s\/tr\/hizmetler\/risk-degerlendirmesi-ve-yonetimi\/","title":{"rendered":"Risk de\u011ferlendirmesi ve y\u00f6netimi"},"content":{"rendered":"\n<p>Sisteminizdeki zay\u0131f i\u00e7\nba\u011flant\u0131lar\u0131n analizine dayal\u0131 olarak potansiyel d\u0131\u015f etkenlerin yan\u0131 s\u0131ra &nbsp;i\u015fletmeniz ve politikalar\u0131n\u0131za ili\u015fkin riskleri\nbelirler ve bunlar\u0131 sistemin i\u015fleyi\u015fi i\u00e7in \u00f6nem \u00f6nceliklerine g\u00f6re\nyap\u0131land\u0131r\u0131r\u0131z.<\/p>\n","protected":false},"excerpt":{"rendered":"<p>Sisteminizdeki zay\u0131f i\u00e7 ba\u011flant\u0131lar\u0131n analizine dayal\u0131 olarak potansiyel d\u0131\u015f etkenlerin yan\u0131 s\u0131ra &nbsp;i\u015fletmeniz ve politikalar\u0131n\u0131za ili\u015fkin riskleri belirler ve bunlar\u0131 sistemin i\u015fleyi\u015fi i\u00e7in \u00f6nem \u00f6nceliklerine g\u00f6re yap\u0131land\u0131r\u0131r\u0131z.<\/p>\n","protected":false},"author":1,"featured_media":0,"parent":1092,"menu_order":0,"comment_status":"closed","ping_status":"closed","template":"","meta":[],"_links":{"self":[{"href":"https:\/\/osic.co\/s\/wp-json\/wp\/v2\/pages\/1113"}],"collection":[{"href":"https:\/\/osic.co\/s\/wp-json\/wp\/v2\/pages"}],"about":[{"href":"https:\/\/osic.co\/s\/wp-json\/wp\/v2\/types\/page"}],"author":[{"embeddable":true,"href":"https:\/\/osic.co\/s\/wp-json\/wp\/v2\/users\/1"}],"replies":[{"embeddable":true,"href":"https:\/\/osic.co\/s\/wp-json\/wp\/v2\/comments?post=1113"}],"version-history":[{"count":1,"href":"https:\/\/osic.co\/s\/wp-json\/wp\/v2\/pages\/1113\/revisions"}],"predecessor-version":[{"id":1114,"href":"https:\/\/osic.co\/s\/wp-json\/wp\/v2\/pages\/1113\/revisions\/1114"}],"up":[{"embeddable":true,"href":"https:\/\/osic.co\/s\/wp-json\/wp\/v2\/pages\/1092"}],"wp:attachment":[{"href":"https:\/\/osic.co\/s\/wp-json\/wp\/v2\/media?parent=1113"}],"curies":[{"name":"wp","href":"https:\/\/api.w.org\/{rel}","templated":true}]}}