{"id":1110,"date":"2019-02-06T10:02:32","date_gmt":"2019-02-06T10:02:32","guid":{"rendered":"https:\/\/osic.co\/?page_id=1110"},"modified":"2019-02-07T07:48:54","modified_gmt":"2019-02-07T07:48:54","slug":"arastirma-ve-analiz","status":"publish","type":"page","link":"https:\/\/osic.co\/s\/tr\/hizmetler\/arastirma-ve-analiz\/","title":{"rendered":"Ara\u015ft\u0131rma ve analiz"},"content":{"rendered":"\n<p>\u0130\u015fletmenizle ilgili t\u00fcm konu\nve s\u00fcre\u00e7lerin analizini yap\u0131yoruz ve bunlara dayal\u0131 olarak gelecekteki\n\u00e7al\u0131\u015fmalar i\u00e7in \u00f6neriler ve tahminler sunuyoruz. Analizimiz, do\u011fru veriler ve\n\u00e7ok say\u0131da ilgili kaynak taraf\u0131ndan do\u011frulanan ge\u00e7erli bilgilere dayal\u0131d\u0131r ve\n\u00f6nerilerimiz ile tahminlerimiz, uzmanlar\u0131m\u0131z\u0131n \u00e7oklu disiplinli uzmanl\u0131\u011f\u0131na\ndayanmaktad\u0131r.<\/p>\n","protected":false},"excerpt":{"rendered":"<p>\u0130\u015fletmenizle ilgili t\u00fcm konu ve s\u00fcre\u00e7lerin analizini yap\u0131yoruz ve bunlara dayal\u0131 olarak gelecekteki \u00e7al\u0131\u015fmalar i\u00e7in \u00f6neriler ve tahminler sunuyoruz. Analizimiz, do\u011fru veriler ve \u00e7ok say\u0131da ilgili kaynak taraf\u0131ndan do\u011frulanan ge\u00e7erli bilgilere dayal\u0131d\u0131r ve \u00f6nerilerimiz ile tahminlerimiz, uzmanlar\u0131m\u0131z\u0131n \u00e7oklu disiplinli uzmanl\u0131\u011f\u0131na dayanmaktad\u0131r.<\/p>\n","protected":false},"author":1,"featured_media":0,"parent":1092,"menu_order":0,"comment_status":"closed","ping_status":"closed","template":"","meta":[],"_links":{"self":[{"href":"https:\/\/osic.co\/s\/wp-json\/wp\/v2\/pages\/1110"}],"collection":[{"href":"https:\/\/osic.co\/s\/wp-json\/wp\/v2\/pages"}],"about":[{"href":"https:\/\/osic.co\/s\/wp-json\/wp\/v2\/types\/page"}],"author":[{"embeddable":true,"href":"https:\/\/osic.co\/s\/wp-json\/wp\/v2\/users\/1"}],"replies":[{"embeddable":true,"href":"https:\/\/osic.co\/s\/wp-json\/wp\/v2\/comments?post=1110"}],"version-history":[{"count":1,"href":"https:\/\/osic.co\/s\/wp-json\/wp\/v2\/pages\/1110\/revisions"}],"predecessor-version":[{"id":1111,"href":"https:\/\/osic.co\/s\/wp-json\/wp\/v2\/pages\/1110\/revisions\/1111"}],"up":[{"embeddable":true,"href":"https:\/\/osic.co\/s\/wp-json\/wp\/v2\/pages\/1092"}],"wp:attachment":[{"href":"https:\/\/osic.co\/s\/wp-json\/wp\/v2\/media?parent=1110"}],"curies":[{"name":"wp","href":"https:\/\/api.w.org\/{rel}","templated":true}]}}