{"id":1045,"date":"2019-02-06T08:15:08","date_gmt":"2019-02-06T08:15:08","guid":{"rendered":"https:\/\/osic.co\/?page_id=1045"},"modified":"2019-02-07T07:41:33","modified_gmt":"2019-02-07T07:41:33","slug":"burimet","status":"publish","type":"page","link":"https:\/\/osic.co\/s\/sq\/burimet\/","title":{"rendered":"BURIMET"},"content":{"rendered":"\n<p>Ekipi i\nekspert\u00ebve i OSIC krijon, zbaton dhe mat efektet e strategjive n\u00eb fushen e veprimtaris\u00eb\ns\u00eb biznesit t\u00eb klient\u00ebve t\u00eb tyre. Ekipi yn\u00eb vazhdimisht \u00ebsht\u00eb duke u p\u00ebrshtatur\nndryshimeve t\u00eb vazhdueshme n\u00eb mjedisin e biznesit, politik\u00ebs, siguris\u00eb dhe\nmedias, duke adoptuar dhe zbatuar arritjet m\u00eb t\u00eb fundit n\u00eb bot\u00eb. Ne e dim\u00eb se\nsi funksionon per te marre vendime politike, ne e dim\u00eb se kush i sjell ata, dhe\ne dime pse ata ishin te sukseshme apo te pasukseshme. Ekipi yn\u00eb p\u00ebrb\u00ebhen nga\nhulumtues\u00eb(studiues), profesor\u00eb &nbsp;universitetesh,\ndrejtuesit e kompanive(korporatash) shum\u00ebkomb\u00ebshe, ish-diplomat\u00eb dhe diplomat\u00eb\naktuale, avokat\u00eb, menaxher\u00eb te sigurise(mbrojtjes), ekspert\u00ebt financiar\u00eb, speciaiste\nt\u00eb IT-s\u00eb, redaktor\u00eb mediash dhe profesionist\u00eb t\u00eb marr\u00ebdh\u00ebnieve&nbsp; me publikun.<\/p>\n\n\n\n<p>Ekipi yn\u00eb\np\u00ebrb\u00ebhet nga ekspert\u00eb nga fushat n\u00eb vijim: <\/p>\n\n\n\n<ul><li>Biznesi nd\u00ebrkomb\u00ebtar<\/li><li>Konsultim politik<\/li><li>Diplomacia dhe marr\u00ebdh\u00ebniet nd\u00ebrkomb\u00ebtare<\/li><li>Menaxhimi i siguris\u00eb<\/li><li>Energji <\/li><li>Marr\u00ebdh\u00ebniet me publikun dhe mediat<\/li><li>Trafiku<\/li><li>Ekologji<\/li><li>Sh\u00ebrbime financiare<\/li><li>Teknologjia dhe telekomunikacioni <\/li><\/ul>\n","protected":false},"excerpt":{"rendered":"<p>Ekipi i ekspert\u00ebve i OSIC krijon, zbaton dhe mat efektet e strategjive n\u00eb fushen e veprimtaris\u00eb s\u00eb biznesit t\u00eb klient\u00ebve t\u00eb tyre. Ekipi yn\u00eb vazhdimisht \u00ebsht\u00eb duke u p\u00ebrshtatur ndryshimeve t\u00eb vazhdueshme n\u00eb mjedisin e biznesit, politik\u00ebs, siguris\u00eb dhe medias, duke adoptuar dhe zbatuar arritjet m\u00eb t\u00eb fundit n\u00eb bot\u00eb. Ne e dim\u00eb se si [&hellip;]<\/p>\n","protected":false},"author":1,"featured_media":0,"parent":0,"menu_order":0,"comment_status":"closed","ping_status":"closed","template":"","meta":[],"_links":{"self":[{"href":"https:\/\/osic.co\/s\/wp-json\/wp\/v2\/pages\/1045"}],"collection":[{"href":"https:\/\/osic.co\/s\/wp-json\/wp\/v2\/pages"}],"about":[{"href":"https:\/\/osic.co\/s\/wp-json\/wp\/v2\/types\/page"}],"author":[{"embeddable":true,"href":"https:\/\/osic.co\/s\/wp-json\/wp\/v2\/users\/1"}],"replies":[{"embeddable":true,"href":"https:\/\/osic.co\/s\/wp-json\/wp\/v2\/comments?post=1045"}],"version-history":[{"count":1,"href":"https:\/\/osic.co\/s\/wp-json\/wp\/v2\/pages\/1045\/revisions"}],"predecessor-version":[{"id":1046,"href":"https:\/\/osic.co\/s\/wp-json\/wp\/v2\/pages\/1045\/revisions\/1046"}],"wp:attachment":[{"href":"https:\/\/osic.co\/s\/wp-json\/wp\/v2\/media?parent=1045"}],"curies":[{"name":"wp","href":"https:\/\/api.w.org\/{rel}","templated":true}]}}