{"id":1039,"date":"2019-02-06T08:08:54","date_gmt":"2019-02-06T08:08:54","guid":{"rendered":"https:\/\/osic.co\/?page_id=1039"},"modified":"2021-05-05T20:23:48","modified_gmt":"2021-05-05T20:23:48","slug":"zone-e-biznesit","status":"publish","type":"page","link":"https:\/\/osic.co\/s\/sq\/zone-e-biznesit\/","title":{"rendered":"ZONE E BIZNESIT"},"content":{"rendered":"\n<p> OSIC \u00ebsht\u00eb e orientuar drejt klient\u00ebve nd\u00ebrkomb\u00ebtar\u00eb kryesisht n\u00eb Ballkan dhe Evrop\u00eb Juglindore. Ekspert\u00ebt tan\u00eb dhe fusha e ekspertizes \u00a0jan\u00eb fokusuar n\u00eb shtetet si: Serbia, Kroacia, Mali i Zi, Maqedonia, Shqip\u00ebria, Bosnja dhe Hercegovina, Kosova, Bullgaria, Rumania, Rusia. <\/p>\n\n\n\n<p> OSIC ka nj\u00eb rrjet te eksperteve, bashkepuntoreve dhe bizneseve, eksperteve dhe kontakteve politike ne vendet dhe rajonet e meposhtme: Turqia, Britania e Madhe, SHBA, Gjermania, Rusia, shtetet e Gjirit Persik,si dhe institucionet e Bashkimit Evropian dhe NATO-s\u00eb.<\/p>\n","protected":false},"excerpt":{"rendered":"<p>OSIC \u00ebsht\u00eb e orientuar drejt klient\u00ebve nd\u00ebrkomb\u00ebtar\u00eb kryesisht n\u00eb Ballkan dhe Evrop\u00eb Juglindore. Ekspert\u00ebt tan\u00eb dhe fusha e ekspertizes \u00a0jan\u00eb fokusuar n\u00eb shtetet si: Serbia, Kroacia, Mali i Zi, Maqedonia, Shqip\u00ebria, Bosnja dhe Hercegovina, Kosova, Bullgaria, Rumania, Rusia. OSIC ka nj\u00eb rrjet te eksperteve, bashkepuntoreve dhe bizneseve, eksperteve dhe kontakteve politike ne vendet dhe rajonet [&hellip;]<\/p>\n","protected":false},"author":1,"featured_media":0,"parent":0,"menu_order":0,"comment_status":"closed","ping_status":"closed","template":"","meta":[],"_links":{"self":[{"href":"https:\/\/osic.co\/s\/wp-json\/wp\/v2\/pages\/1039"}],"collection":[{"href":"https:\/\/osic.co\/s\/wp-json\/wp\/v2\/pages"}],"about":[{"href":"https:\/\/osic.co\/s\/wp-json\/wp\/v2\/types\/page"}],"author":[{"embeddable":true,"href":"https:\/\/osic.co\/s\/wp-json\/wp\/v2\/users\/1"}],"replies":[{"embeddable":true,"href":"https:\/\/osic.co\/s\/wp-json\/wp\/v2\/comments?post=1039"}],"version-history":[{"count":3,"href":"https:\/\/osic.co\/s\/wp-json\/wp\/v2\/pages\/1039\/revisions"}],"predecessor-version":[{"id":1495,"href":"https:\/\/osic.co\/s\/wp-json\/wp\/v2\/pages\/1039\/revisions\/1495"}],"wp:attachment":[{"href":"https:\/\/osic.co\/s\/wp-json\/wp\/v2\/media?parent=1039"}],"curies":[{"name":"wp","href":"https:\/\/api.w.org\/{rel}","templated":true}]}}